e 14?
7a
7d (base 15) to base 3
11101
Convert -2 (base 9) to base 12.
-2
What is -1043 (base 6) in base 8?
-363
Convert 117 (base 11) to base 16.
8b
What is 2 (base 6) in base 9?
2
What is 20212 (base 3) in base 12?
135
Convert 2 (base 3) to base 7.
2
What is -2 (base 10) in base 14?
-2
-4 (base 9) to base 15
-4
What is 2 (base 3) in base 10?
2
What is 3 (base 9) in base 5?
3
3d (base 14) to base 9
61
Convert -2 (base 11) to base 7.
-2
Convert 0 (base 13) to base 4.
0
What is 3 (base 5) in base 7?
3
Convert -10 (base 8) to base 12.
-8
What is 98 (base 11) in base 9?
128
What is -10 (base 6) in base 4?
-12
1 (base 15) to base 13
1
What is 7b (base 15) in base 7?
224
-75 (base 8) to base 10
-61
Convert -1212 (base 3) to base 14.
-38
What is 32 (base 6) in base 11?
19
Convert -40 (base 6) to base 8.
-30
307 (base 8) to base 7
403
-11000 (base 2) to base 15
-19
What is 129 (base 10) in base 7?
243
-246 (base 7) to base 9
-156
What is 124 (base 5) in base 10?
39
Convert a (base 14) to base 9.
11
-11 (base 6) to base 15
-7
Convert -11 (base 5) to base 9.
-6
Convert 43 (base 8) to base 5.
120
28 (base 11) to base 4
132
What is 12 (base 9) in base 14?
b
59 (base 11) to base 6
144
0 (base 11) to base 2
0
-9 (base 10) to base 14
-9
What is 24 (base 16) in base 9?
40
What is 3 (base 11) in base 5?
3
Convert 6 (base 16) to base 9.
6
6 (base 12) to base 10
6
Convert -43 (base 5) to base 12.
-1b
Convert -1 (base 12) to base 6.
-1
-1 (base 9) to base 5
-1
Convert 9c (base 15) to base 12.
103
What is 11220 (base 3) in base 4?
2010
What is -1100 (base 4) in base 7?
-143
Convert -12 (base 6) to base 8.
-10
Convert 1 (base 16) to base 3.
1
Convert 452 (base 6) to base 13.
107
10101 (base 2) to base 7
30
What is -12 (base 10) in base 7?
-15
Convert -10 (base 6) to base 9.
-6
3 (base 10) to base 14
3
Convert -42 (base 5) to base 15.
-17
What is -33 (base 4) in base 2?
-1111
11 (base 4) to base 11
5
Convert 12 (base 9) to base 15.
b
-3 (base 7) to base 15
-3
Convert -104 (base 5) to base 12.
-25
Convert 1 (base 12) to base 10.
1
2 (base 5) to base 8
2
Convert 0 (base 9) to base 11.
0
What is -22 (base 14) in base 6?
-50
What is 1 (base 4) in base 14?
1
6 (base 9) to base 5
11
Convert -521 (base 8) to base 13.
-1cc
5 (base 11) to base 7
5
-135 (base 8) to base 16
-5d
2 (base 9) to base 16
2
Convert -345 (base 6) to base 11.
-115
0 (base 7) to base 11
0
Convert 6 (base 16) to base 11.
6
141 (base 6) to base 3
2021
Convert 98 (base 12) to base 2.
1110100
Convert 100001 (base 2) to base 15.
23
Convert 1 (base 3) to base 13.
1
Convert -1 (base 3) to base 5.
-1
Convert -34 (base 7) to base 8.
-31
140 (base 5) to base 12
39
7 (base 13) to base 7
10
What is -6 (base 13) in base 8?
-6
What is -23 (base 4) in base 12?
-b
Convert 3 (base 8) to base 9.
3
Convert 32 (base 7) to base 15.
18
Convert 20 (base 3) to base 16.
6
Convert 56 (base 13) to base 15.
4b
-10110 (base 2) to base 11
-20
Convert -5 (base 7) to base 16.
-5
What is -123 (base 4) in base 5?
-102
Convert -10111101 (base 2) to base 3.
-21000
-262 (base 11) to base 15
-15a
Convert 42 (base 14) to base 8.
72
-84 (base 13) to base 14
-7a
-36 (base 12) to base 3
-1120
What is -4 (base 11) in base 14?
-4
Convert -123 (base 15) to base 10.
-258
Convert 4 (base 11) to base 10.
4
What is -2 (base 15) in base 10?
-2
1 (base 13) to base 5
1
Convert -4 (base 10) to base 11.
-4
What is 15 (base 9) in base 8?
16
Convert -12 (base 4) to base 5.
-11
What is -10 (base 6) in base 11?
-6
16 (base 15) to base 12
19
Convert -13 (base 6) to base 3.
-100
Convert -1 (base 8) to base 12.
-1
What is -74 (base 15) in base 11?
-9a
What is -8 (base 12) in base 3?
-22
What is 4 (base 12) in base 14?
4
-9 (base 14) to base 3
-100
Convert -14d (base 15) to base 2.
-100101010
-187 (base 14) to base 10
-315
67 (base 8) to base 11
50
-b (base 14) to base 5
-21
Convert -142 (base 9) to base 10.
-119
-21 (base 16) to base 2
-100001
Convert -9 (base 16) to base 3.
-100
104 (base 5) to base 13
23
55 (base 7) to base 16
28
Convert -13d (base 14) to base 16.
-fb
-3 (base 10) to base 6
-3
What is 100101010 (base 2) in base 12?
20a
What is -41 (base 8) in base 4?
-201
Convert 14 (base 5) to base 10.
9
-20 (base 6) to base 12
-10
Convert -6 (base 10) to base 5.
-11
Convert a (base 15) to base 7.
13
What is 1b (base 12) in base 2?
10111
2 (base 4) to base 11
2
What is 0 (base 16) in base 8?
0
153 (base 8) to base 13
83
-216 (base 9) to base 4
-2301
What is 3 (base 13) in base 12?
3
-9 (base 10) to base 11
-9
45 (base 12) to base 6
125
Convert -10 (base 2) to base 15.
-2
What is 57 (base 9) in base 10?
52
-23 (base 7) to base 3
-122
What is 13 (base 15) in base 3?
200
Convert 15 (base 12) to base 13.
14
-20 (base 15) to base 14
-22
11 (base 2) to base 14
3
Convert 224 (base 5) to base 13.
4c
What is -39 (base 16) in base 3?
-2010
What is b (base 14) in base 8?
13
Convert 24 (base 7) to base 12.
16
What is 51 (base 7) in base 8?
44
Convert 0 (base 8) to base 3.
0
What is -2 (base 8) in base 7?
-2
Convert 430 (base 6) to base 13.
c6
Convert 2 (base 7) to base 16.
2
11 (base 2) to base 10
3
41 (base 7) to base 8
35
Convert 126 (base 10) to base 13.
99
2 (base 13) to base 6
2
What is -200 (base 4) in base 2?
-100000
What is -119 (base 10) in base 6?
-315
28 (base 15) to base 5
123
What is -9 (base 15) in base 3?
-100
Convert 0 (base 13) to base 5.
0
-c5 (base 15) to base 3
-20212
What is 2 (base 16) in base 7?
2
What is b8 (base 15) in base 6?
445
211 (base 5) to base 7
110
Convert -2 (base 4) to base 13.
-2
What is 500 (base 6) in base 3?
20200
What is 1 (base 7) in base 8?
1
What is -442 (base 5) in base 9?
-145
What is -1311 (base 5) in base 14?
-10a
What is -25 (base 13) in base 2?
-11111
Convert c (base 13) to base 14.
c
What is 165 (base 11) in base 4?
3000
Convert -31 (base 4) to base 16.
-d
Convert 12 (base 5) to base 11.
7
Convert 2 (base 10) to base 4.
2
33 (base 7) to base 5
44
What is -10 (base 16) in base 10?
-16
What is -10 (base 12) in base 11?
-11
What is 5 (base 12) in base 14?
5
Convert 43 (base 13) to base 15.
3a
Convert 2 (base 12) to base 6.
2
What is 1 (base 9) in base 16?
1
What is 2 (base 16) in base 8?
2
What is 320 (base 7) in base 5?
1121
2 (base 11) to base 7
2
Convert 12 (base 8) to base 14.
a
What is -38 (base 16) in base 10?
-56
Convert 1104 (base 5) to base 3.
12201
-1 (base 4) to base 10
-1
10 (base 9) to base 15
9
Convert -10 (base 3) to base 11.
-3
What is 320 (base 4) in base 8?
70
21 (base 3) to base 16
7
What is a (base 14) in base 16?
a
aa (base 15) to base 13
c4
Convert -10 (base 10) to base 9.
-11
What is 11100 (base 3) in base 2?
1110101
Convert -3 (base 15) to base 16.
-3
What is -114 (base 6) in base 12?
-3a
-c0 (base 14) to base 11
-143
What is -1 (base 8) in base 6?
-1
What is 221 (base 11) in base 8?
411
What is -1 (base 9) in base 2?
-1
-7 (base 15) to base 11
-7
Convert -49 (base 11) to base 16.
-35
3 (base 13) to base 4
3
Convert 10 (base 4) to base 15.
4
12 (base 10) to base 14
c
49 (base 11) to base 5
203
16 (base 15) to base 5
41
2200 (base 4) to base 8
240
36 (base 8) to base 7
42
210 (base 3) to base 4
111
What is 2 (base 5) in base 8?
2
What is 22 (base 9) in base 15?
15
What is 0 (base 5) in base 9?
0
-82 (base 14) to base 5
-424
1 (base 14) to base 13
1
Convert -6 (base 16) to base 11.
-6
51 (base 12) to base 9
67
What is 0 (base 14) in base 4?
0
What is -110000 (base 2) in base 10?
-48
-11 (base 4) to base 7
-5
-30 (base 10) to base 8
-36
-2 (base 5) to base 6
-2
-14 (base 6) to base 9
-11
Convert -55 (base 7) to base 15.
-2a
What is -1 (base 7) in base 12?
-1
-1 (base 11) to base 7
-1
What is -3 (base 10) in base 8?
-3
Convert -11b (base 12) to base 14.
-bd
What is 32 (base 5) in base 3?
122
-3 (base 7) to base 11
-3
Convert 0 (base 12) to base 9.
0
-18 (base 15) to base 11
-21
Convert -1 (base 9) to base 4.
-1
What is 1 (base 3) in base 10?
1
-500 (base 7) to base 3
-100002
1 (base 8) to base 5
1
-1 (base 13) to base 11
-1
-2 (base 13) to base 10
-2
Convert b (base 13) to base 9.
12
Convert -31 (base 5) to base 15.
-11
Convert 64 (base 10) to base 6.
144
-35 (base 11) to base 7
-53
Convert 10 (base 6) to base 11.
6
-27 (base 14) to base 12
-2b
What is -2 (base 16) in base 9?
-2
-2 (base 13) to base